{"id":718,"date":"2025-09-09T00:43:02","date_gmt":"2025-09-09T00:43:02","guid":{"rendered":"https:\/\/gpr.cl\/outlet\/?page_id=718"},"modified":"2025-09-22T00:54:06","modified_gmt":"2025-09-22T00:54:06","slug":"proceso-de-compra","status":"publish","type":"page","link":"https:\/\/gpr.cl\/inmobiliaria\/proceso-de-compra\/","title":{"rendered":"Proceso de compra"},"content":{"rendered":"\t\t<div data-elementor-type=\"wp-page\" data-elementor-id=\"718\" class=\"elementor elementor-718\" data-elementor-post-type=\"page\">\n\t\t\t\t<div class=\"elementor-element elementor-element-6b86039 e-con-full e-flex e-con e-parent\" data-id=\"6b86039\" data-element_type=\"container\" data-settings=\"{&quot;background_background&quot;:&quot;classic&quot;}\">\n\t\t\t\t<div class=\"elementor-element elementor-element-6a9cce8 animated-slow elementor-invisible elementor-widget elementor-widget-heading\" data-id=\"6a9cce8\" data-element_type=\"widget\" data-settings=\"{&quot;_animation&quot;:&quot;fadeInDown&quot;,&quot;_animation_delay&quot;:300}\" data-widget_type=\"heading.default\">\n\t\t\t\t\t<h2 class=\"elementor-heading-title elementor-size-default\">PROCESO DE COMPRA<\/h2>\t\t\t\t<\/div>\n\t\t\t\t<\/div>\n\t\t<div class=\"elementor-element elementor-element-663f590 e-con-full e-flex e-con e-parent\" data-id=\"663f590\" data-element_type=\"container\">\n\t\t\t\t<div class=\"elementor-element elementor-element-4a3fcf4 animated-slow e-n-tabs-mobile elementor-invisible elementor-widget elementor-widget-n-tabs\" data-id=\"4a3fcf4\" data-element_type=\"widget\" data-settings=\"{&quot;_animation&quot;:&quot;fadeInUp&quot;,&quot;horizontal_scroll&quot;:&quot;disable&quot;}\" data-widget_type=\"nested-tabs.default\">\n\t\t\t\t\t\t\t<div class=\"e-n-tabs\" data-widget-number=\"77855988\" aria-label=\"Pesta\u00f1as. Abre elementos con Intro o Espacio, ci\u00e9rralos con Escape y navega con las fechas.\">\n\t\t\t<div class=\"e-n-tabs-heading\" role=\"tablist\">\n\t\t\t\t\t<button id=\"e-n-tab-title-778559881\" data-tab-title-id=\"e-n-tab-title-778559881\" class=\"e-n-tab-title\" aria-selected=\"true\" data-tab-index=\"1\" role=\"tab\" tabindex=\"0\" aria-controls=\"e-n-tab-content-778559881\" style=\"--n-tabs-title-order: 1;\">\n\t\t\t\t\t\t<span class=\"e-n-tab-title-text\">\n\t\t\t\tPaso 1. Cotizaci\u00f3n\t\t\t<\/span>\n\t\t<\/button>\n\t\t\t\t<button id=\"e-n-tab-title-778559882\" data-tab-title-id=\"e-n-tab-title-778559882\" class=\"e-n-tab-title\" aria-selected=\"false\" data-tab-index=\"2\" role=\"tab\" tabindex=\"-1\" aria-controls=\"e-n-tab-content-778559882\" style=\"--n-tabs-title-order: 2;\">\n\t\t\t\t\t\t<span class=\"e-n-tab-title-text\">\n\t\t\t\tPaso 2. Pre-Aprobaci\u00f3n bancaria o Compra al Contado\t\t\t<\/span>\n\t\t<\/button>\n\t\t\t\t<button id=\"e-n-tab-title-778559883\" data-tab-title-id=\"e-n-tab-title-778559883\" class=\"e-n-tab-title\" aria-selected=\"false\" data-tab-index=\"3\" role=\"tab\" tabindex=\"-1\" aria-controls=\"e-n-tab-content-778559883\" style=\"--n-tabs-title-order: 3;\">\n\t\t\t\t\t\t<span class=\"e-n-tab-title-text\">\n\t\t\t\tPaso 3. Reserva\t\t\t<\/span>\n\t\t<\/button>\n\t\t\t\t<button id=\"e-n-tab-title-778559884\" data-tab-title-id=\"e-n-tab-title-778559884\" class=\"e-n-tab-title\" aria-selected=\"false\" data-tab-index=\"4\" role=\"tab\" tabindex=\"-1\" aria-controls=\"e-n-tab-content-778559884\" style=\"--n-tabs-title-order: 4;\">\n\t\t\t\t\t\t<span class=\"e-n-tab-title-text\">\n\t\t\t\tPaso 4. Promesa de Compraventa\t\t\t<\/span>\n\t\t<\/button>\n\t\t\t\t<button id=\"e-n-tab-title-778559885\" data-tab-title-id=\"e-n-tab-title-778559885\" class=\"e-n-tab-title\" aria-selected=\"false\" data-tab-index=\"5\" role=\"tab\" tabindex=\"-1\" aria-controls=\"e-n-tab-content-778559885\" style=\"--n-tabs-title-order: 5;\">\n\t\t\t\t\t\t<span class=\"e-n-tab-title-text\">\n\t\t\t\tPaso 5. Escritura de Compraventa\t\t\t<\/span>\n\t\t<\/button>\n\t\t\t\t<button id=\"e-n-tab-title-778559886\" data-tab-title-id=\"e-n-tab-title-778559886\" class=\"e-n-tab-title\" aria-selected=\"false\" data-tab-index=\"6\" role=\"tab\" tabindex=\"-1\" aria-controls=\"e-n-tab-content-778559886\" style=\"--n-tabs-title-order: 6;\">\n\t\t\t\t\t\t<span class=\"e-n-tab-title-text\">\n\t\t\t\tPaso 6. Entrega\t\t\t<\/span>\n\t\t<\/button>\n\t\t\t\t\t<\/div>\n\t\t\t<div class=\"e-n-tabs-content\">\n\t\t\t\t<div id=\"e-n-tab-content-778559881\" role=\"tabpanel\" aria-labelledby=\"e-n-tab-title-778559881\" data-tab-index=\"1\" style=\"--n-tabs-title-order: 1;\" class=\"e-active elementor-element elementor-element-49d3f6c e-con-full e-flex e-con e-child\" data-id=\"49d3f6c\" data-element_type=\"container\">\n\t\t\t\t<div class=\"elementor-element elementor-element-3a04fe3 elementor-widget elementor-widget-text-editor\" data-id=\"3a04fe3\" data-element_type=\"widget\" data-widget_type=\"text-editor.default\">\n\t\t\t\t\t\t\t\t\t<p><strong>1)<\/strong> Es el Primer Paso para invertir o adquirir en tu departamento o vivienda, cotiza en nuestra p\u00e1gina web en el proyecto de tu inter\u00e9s y encontrar\u00e1s los beneficios y ofertas que cada proyecto pueda ofrecerte, comun\u00edcate con nuestros Asesores Inmobiliarios v\u00eda WhatsApp, tel\u00e9fono, e-mail, o vis\u00edtanos en nuestras salas de ventas.<\/p>\t\t\t\t\t\t\t\t<\/div>\n\t\t\t\t<\/div>\n\t\t<div id=\"e-n-tab-content-778559882\" role=\"tabpanel\" aria-labelledby=\"e-n-tab-title-778559882\" data-tab-index=\"2\" style=\"--n-tabs-title-order: 2;\" class=\" elementor-element elementor-element-7c9fee1 e-con-full e-flex e-con e-child\" data-id=\"7c9fee1\" data-element_type=\"container\">\n\t\t\t\t<div class=\"elementor-element elementor-element-ff9f791 elementor-widget elementor-widget-text-editor\" data-id=\"ff9f791\" data-element_type=\"widget\" data-widget_type=\"text-editor.default\">\n\t\t\t\t\t\t\t\t\t<p><strong>2)<\/strong> Define la forma de Compra de tu Departamento o Vivienda, elige la forma que m\u00e1s te acomode, eval\u00faate de manera directa con tu ejecutivo bancario o env\u00edanos los documentos necesarios para evaluaci\u00f3n bancaria o compra al contado, nuestros Asesores Inmobiliarios realizar\u00e1n toda la gesti\u00f3n y te guiar\u00e1n en todo el proceso.<\/p>\t\t\t\t\t\t\t\t<\/div>\n\t\t\t\t<\/div>\n\t\t<div id=\"e-n-tab-content-778559883\" role=\"tabpanel\" aria-labelledby=\"e-n-tab-title-778559883\" data-tab-index=\"3\" style=\"--n-tabs-title-order: 3;\" class=\" elementor-element elementor-element-05d1e95 e-con-full e-flex e-con e-child\" data-id=\"05d1e95\" data-element_type=\"container\">\n\t\t\t\t<div class=\"elementor-element elementor-element-0cc6f72 elementor-widget elementor-widget-text-editor\" data-id=\"0cc6f72\" data-element_type=\"widget\" data-widget_type=\"text-editor.default\">\n\t\t\t\t\t\t\t\t\t<p><strong>3)<\/strong> Ahora que decidiste realizar la compra de tu departamento o vivienda, nuestro Asesor Inmobiliario coordinar\u00e1 el Proceso de manera presencial en Nuestras Salas de Ventas o trav\u00e9s de plataforma digital, tendr\u00e1s todas las alternativas de Pago para todo el proceso de compra, Tarjetas de Cr\u00e9dito y Webpay hasta 12 cuotas sin inter\u00e9s, tarjeta d\u00e9bito, transferencia bancaria, vale vista y cheque. Nuestro Asesor Inmobiliario te explicar\u00e1 en detalle todos los pasos siguientes de la Compra.<\/p>\t\t\t\t\t\t\t\t<\/div>\n\t\t\t\t<\/div>\n\t\t<div id=\"e-n-tab-content-778559884\" role=\"tabpanel\" aria-labelledby=\"e-n-tab-title-778559884\" data-tab-index=\"4\" style=\"--n-tabs-title-order: 4;\" class=\" elementor-element elementor-element-71daf46 e-con-full e-flex e-con e-child\" data-id=\"71daf46\" data-element_type=\"container\">\n\t\t\t\t<div class=\"elementor-element elementor-element-8beb6b1 elementor-widget elementor-widget-text-editor\" data-id=\"8beb6b1\" data-element_type=\"widget\" data-widget_type=\"text-editor.default\">\n\t\t\t\t\t\t\t\t\t<p><strong>4)<\/strong> Para hacer realidad la compra de tu departamento o vivienda, primero debes cancelar La Promesa de Compra Venta es un documento donde GPR y Cliente se comprometen a comprar y a vender el departamento o vivienda elegido, se pacta el precio y condiciones de pago y el plazo de entrega estimado. La firma de Promesa Compra Venta se realiza ante Notario. En la eventualidad que nuestro Cliente sea Finiquitado Laboralmente o presente una Enfermedad Catastr\u00f3fica y esto sea debidamente acreditado a Inmobiliaria, al no poder realizar la compra definitiva, ser\u00e1 devuelto lo cancelado en la promesa.<\/p>\t\t\t\t\t\t\t\t<\/div>\n\t\t\t\t<\/div>\n\t\t<div id=\"e-n-tab-content-778559885\" role=\"tabpanel\" aria-labelledby=\"e-n-tab-title-778559885\" data-tab-index=\"5\" style=\"--n-tabs-title-order: 5;\" class=\" elementor-element elementor-element-c5fb64e e-con-full e-flex e-con e-child\" data-id=\"c5fb64e\" data-element_type=\"container\">\n\t\t\t\t<div class=\"elementor-element elementor-element-eae18ad elementor-widget elementor-widget-text-editor\" data-id=\"eae18ad\" data-element_type=\"widget\" data-widget_type=\"text-editor.default\">\n\t\t\t\t\t\t\t\t\t<p><strong>5)<\/strong> Con anticipaci\u00f3n a la recepci\u00f3n municipal del proyecto, tu Asesor Inmobiliario se comunicar\u00e1 contigo para explicarte los pasos a seguir para escriturar tu propiedad. Una vez que se obtenga la recepci\u00f3n municipal y el cliente cuente con una aprobaci\u00f3n de cr\u00e9dito hipotecario, la instituci\u00f3n financiera realiza la tasaci\u00f3n de la propiedad y el estudio de t\u00edtulos de la misma. Una vez redactada la escritura por parte de la instituci\u00f3n financiera y aprobada por las partes involucradas, se firma la escritura de compraventa, previo pago de lo pendiente del pie pactado. La escritura inscrita en el conservador de bienes ra\u00edces acredita la transferencia de la propiedad al nuevo due\u00f1o. La copia de la escritura te la entrega el banco que te otorg\u00f3 el cr\u00e9dito.<\/p>\t\t\t\t\t\t\t\t<\/div>\n\t\t\t\t<\/div>\n\t\t<div id=\"e-n-tab-content-778559886\" role=\"tabpanel\" aria-labelledby=\"e-n-tab-title-778559886\" data-tab-index=\"6\" style=\"--n-tabs-title-order: 6;\" class=\" elementor-element elementor-element-ffcd1a7 e-con-full e-flex e-con e-child\" data-id=\"ffcd1a7\" data-element_type=\"container\">\n\t\t\t\t<div class=\"elementor-element elementor-element-1571855 elementor-widget elementor-widget-text-editor\" data-id=\"1571855\" data-element_type=\"widget\" data-widget_type=\"text-editor.default\">\n\t\t\t\t\t\t\t\t\t<p><strong>6)<\/strong> Una vez firmada la escritura por todas las partes involucradas, la inmobiliaria coordina la entrega de la propiedad. El tiempo de proceso de entrega puede llegar a demorar aproximadamente 20 d\u00edas desde la firma de cliente. En la entrega de la propiedad recibir\u00e1s: Acta de recepci\u00f3n de la propiedad, Las llaves de tu nuevo departamento o vivienda, Manual de Uso y Mantenci\u00f3n de la vivienda.<\/p>\t\t\t\t\t\t\t\t<\/div>\n\t\t\t\t<\/div>\n\t\t\t\t\t<\/div>\n\t\t<\/div>\n\t\t\t\t\t\t<\/div>\n\t\t\t\t<\/div>\n\t\t<div class=\"elementor-element elementor-element-1b6d99c e-con-full e-flex elementor-invisible e-con e-parent\" data-id=\"1b6d99c\" data-element_type=\"container\" data-settings=\"{&quot;background_background&quot;:&quot;classic&quot;,&quot;animation&quot;:&quot;fadeInRight&quot;}\">\n\t\t\t\t<\/div>\n\t\t\t\t<\/div>\n\t\t","protected":false},"excerpt":{"rendered":"<p>PROCESO DE COMPRA Paso 1. Cotizaci\u00f3n Paso 2. Pre-Aprobaci\u00f3n bancaria o Compra al Contado Paso 3. Reserva Paso 4. Promesa de Compraventa Paso 5. Escritura de Compraventa Paso 6. Entrega 1) Es el Primer Paso para invertir o adquirir en tu departamento o vivienda, cotiza en nuestra p\u00e1gina web en el proyecto de tu inter\u00e9s [&hellip;]<\/p>\n","protected":false},"author":1,"featured_media":0,"parent":0,"menu_order":0,"comment_status":"closed","ping_status":"closed","template":"elementor_header_footer","meta":{"footnotes":""},"class_list":["post-718","page","type-page","status-publish","hentry"],"_links":{"self":[{"href":"https:\/\/gpr.cl\/inmobiliaria\/wp-json\/wp\/v2\/pages\/718","targetHints":{"allow":["GET"]}}],"collection":[{"href":"https:\/\/gpr.cl\/inmobiliaria\/wp-json\/wp\/v2\/pages"}],"about":[{"href":"https:\/\/gpr.cl\/inmobiliaria\/wp-json\/wp\/v2\/types\/page"}],"author":[{"embeddable":true,"href":"https:\/\/gpr.cl\/inmobiliaria\/wp-json\/wp\/v2\/users\/1"}],"replies":[{"embeddable":true,"href":"https:\/\/gpr.cl\/inmobiliaria\/wp-json\/wp\/v2\/comments?post=718"}],"version-history":[{"count":33,"href":"https:\/\/gpr.cl\/inmobiliaria\/wp-json\/wp\/v2\/pages\/718\/revisions"}],"predecessor-version":[{"id":2034,"href":"https:\/\/gpr.cl\/inmobiliaria\/wp-json\/wp\/v2\/pages\/718\/revisions\/2034"}],"wp:attachment":[{"href":"https:\/\/gpr.cl\/inmobiliaria\/wp-json\/wp\/v2\/media?parent=718"}],"curies":[{"name":"wp","href":"https:\/\/api.w.org\/{rel}","templated":true}]}}